 Let w(m) = -6*g(m) + 4*t(m). What is the tens digit of w(-3)?
4
Suppose -2 = 3*m - 11. Suppose -4*a = -3*x + 74 + m, 3*a = -15. Suppose 77 = 3*j - x. What is the units digit of j?
2
Suppose 5*p - 7*p = -1138. What is the hundreds digit of p?
5
Let a be (0/5)/(-3 + 1). Let f be 5 - (0 - (a + 2)). Let m = 12 - f. What is the units digit of m?
5
Suppose -q - 10 = -26. What is the units digit of (-83*(-4)/q)/(3/12)?
3
Suppose 4 = -4*v, 1 = -5*p + v - 3. Suppose 2*t + 3*t + 66 = 4*m, 5*t - 4 = -m. What is the units digit of p*(-1 + 1) + m?
4
Let o(y) = 7*y**2 + 4*y - 25. Let t(g) = -13*g**2 - 7*g + 50. Let a(f) = -11*o(f) - 6*t(f). What is the tens digit of a(-9)?
7
Let l = 28 + 24. What is the hundreds digit of 13/(l/408) + -1?
1
Let n be -1 + 5 + (-3 - 56). Let y be (-10)/n + (-2164)/44. What is the tens digit of (-114)/(-7) + 14/y?
1
Suppose -2*d + 1142 = 3*i, 1094 = 5*i + 4*d - 810. Suppose 5*v + 2*b = v + i, v - 90 = 2*b. What is the tens digit of v?
9
Suppose 8*l = 4*l + 5*g + 791, 2*l - 403 = 5*g. Suppose o - 4*s - 23 = 37, l = 3*o + 2*s. What is the tens digit of o?
6
Let c(w) = w**2 - 13*w - 46. What is the units digit of c(24)?
8
Let i be (6/30*-9)/(6/(-40)). Suppose i*z - 9*z - 717 = 0. What is the tens digit of z?
3
Suppose -23 = 6*h + 49. Suppose -3*y - 4 = -y. What is the units digit of 6239/102 - y/h?
1
What is the hundreds digit of 49/((-434)/56 - -8)?
1
Suppose 0 = 4*n + 3*s + 1, s - 2*s + 7 = 5*n. Suppose -u + n*u = 39. Suppose -r + u = 2*r. What is the tens digit of r?
1
Let n = 79 + -76. Suppose 5*k - 551 = -0*y - 4*y, 5*y - n*k = 735. What is the tens digit of y?
4
Let o be 2/10 + 7695/25. Suppose -2*s = 4*t - o, -2*t - t + 209 = -4*s. What is the tens digit of t?
7
Suppose -4*d - 1 = 7, 2*d + 948 = 2*p. What is the tens digit of p?
7
Let p(l) = -3*l - 25. Suppose 3*c + 43 = -j, -5*c = -4*j + 2*j + 79. What is the units digit of p(c)?
0
Suppose -71*s = -98411 - 43660. What is the hundreds digit of s?
0
Suppose -140 = 4*u - 5*u. Let p = -11 + 16. Suppose p*f - 2*n - n = u, -2*n - 85 = -3*f. What is the tens digit of f?
2
Suppose 0 = -5*g + 927 + 2973. What is the units digit of g?
0
Let u(s) = 60*s**2 - 18*s - 77. What is the tens digit of u(-7)?
8
Let x(z) = 7*z**3 + 11*z**2 - z. Let l(m) = -20*m**3 - 32*m**2 + 3*m. Let o(u) = -6*l(u) - 17*x(u). Let b be (-76)/18 + 4/18. What is the tens digit of o(b)?
2
Let u(f) be the first derivative of -f**4/4 - 4*f**3 + 7*f + 1. Let c = 131 + -143. What is the units digit of u(c)?
7
Suppose 0 = 75*j + 6*j - 88614. What is the tens digit of j?
9
Let j = 435 - 373. What is the tens digit of j?
6
Suppose 5*d - 6*d = -5, 21 = 2*g + 3*d. Suppose 4*m + 782 = 3*r, -13 = 2*m - g. What is the units digit of r?
4
Let y(j) = -j**2 + 8*j - 3. Let w be y(7). Suppose 2*v = 5*v + 5*l + 19, 18 = w*v - 2*l. Suppose 19 = v*x - 7. What is the units digit of x?
3
Let i(z) = 4*z**3 - 15*z**2 - 6*z + 12. Let q(h) = -h**3 - 1. Let t(s) = -i(s) - 5*q(s). What is the tens digit of t(-14)?
0
Let r(y) = -y**2 - 4*y + 1. Let q be r(-4). Let i be (-24)/(-6) + 1/q. Suppose 5*n - 4*n = -4*d + 36, 0 = -i*d - 2*n + 42. What is the tens digit of d?
1
Let u = 850 - 376. What is the tens digit of u?
7
Let q be (-60)/80 - 71/(-4). Let o = -25 + q. What is the tens digit of (-430)/o - (-7)/28?
5
Suppose -6*k + 42 = k. What is the tens digit of 2/(-12) + 61/k?
1
Suppose 0 = -u + 3*o + o + 1069, 5*u = 4*o + 5281. What is the tens digit of u?
5
Let d = 1043 + -585. What is the hundreds digit of d?
4
Suppose 10560 = 57*h - 45*h. What is the units digit of h?
0
Let s be ((-15)/(-10) - 1)*-14. Let r(y) = -9*y + 5. What is the units digit of r(s)?
8
Let v be 0 + 0 + 8 + -4. Suppose v*r - 401 = -73. What is the units digit of r?
2
Let i = -7 - -5. Let m be (-16)/8*(-1 + i). Let u = m + -2. What is the units digit of u?
4
Let p(i) = 4 - 2*i - 2 + 4*i + 13. What is the units digit of p(18)?
1
Let g(h) = 31*h + 1. Let i be (-25)/(-2) - 1/2. Let j be 3*8/i + -1. What is the units digit of g(j)?
2
What is the tens digit of (176760/56 - -4) + (-9)/21?
6
Let i(t) = -t**2 - 10*t + 40. Let d be i(-13). What is the units digit of ((-144)/30)/(186/190 - d)?
8
Let l = 25 - 25. Suppose 5*y - v - 489 = -114, l = -2*v. What is the tens digit of y?
7
What is the tens digit of (-6)/(-12)*(-2 + 1157 - 1)?
7
Suppose 13*h + 2 = 12*h. What is the tens digit of (h/(-2))/(5/475)?
9
Let w be ((0/(-5))/4)/(-3). Suppose -i + f = w, -2*i + 5*i - 5*f = -8. Suppose i*t = -20 + 104. What is the tens digit of t?
2
Suppose 0 = -17*i + 13081 + 6877. What is the hundreds digit of i?
1
Let h(m) = m**3 - 6*m**2 + 4*m - 1. Let w be h(5). Let v be 96/(-16) - (2 - 11). What is the units digit of w/(-9)*v/2?
1
Let s(q) = -q**3 - q**2 + 4*q + 6. Let w be s(-3). Suppose -w*i - 22 = -14*i. What is the tens digit of i?
1
Let d be (-6)/8 + (-76)/(-16). Let g = -2 + d. What is the units digit of g/(-1 - (-117)/111)?
7
Let i be 6 + (-12)/4 + 21. Suppose -s - i = 3*s. What is the tens digit of 48*(-1 + (-9)/s)?
2
Let z(m) = 5*m - 1. Let x be z(2). Suppose -4*t = -x*t + 95. What is the units digit of t?
9
Let w(u) = -u**2 + u + 8. Let g be w(6). Let s be 93/(-2)*g/(-33). Let n = -18 - s. What is the units digit of n?
3
Suppose 18 + 17 = -b. Let n = 24 - b. What is the tens digit of n?
5
Let u(i) = 39*i + 8. Let g = 53 + -51. What is the tens digit of u(g)?
8
Suppose 28*o = 13*o + 1770. What is the units digit of o?
8
Let x(d) = d**3 + d**2 - d + 2. Let h be x(-2). Let u be 4 + h + (1 - 2). Suppose -3*i = 2*f, -2*f + 5*i = u*i - 20. What is the units digit of f?
6
Let u(j) = 2*j + j - 4*j + 2 - 4. Let l be u(-5). What is the units digit of l/(-6)*2 - -17?
6
Let f = 474 + 9. What is the tens digit of f?
8
Suppose -3*t + 5*o = -11, -t = 3*o - 0*o + 1. What is the units digit of (0 - (-5 + t))/((-1)/(-22))?
6
Suppose 8800 = 15*c - 5*c. What is the tens digit of c?
8
Suppose -454*r - 6618 = -460*r. What is the hundreds digit of r?
1
Suppose -6*n = -n - 20. Suppose 2*a = -2*i - 4 - n, -4 = -i + a. Suppose 5*r - 225 - 80 = i. What is the units digit of r?
1
Let c(s) = -s - 6. Let g be c(-10). Suppose d = g*d. Suppose d = -9*v + 8*v + 41. What is the tens digit of v?
4
Let p = 1 + -43. Suppose -v = -4*v - 42. What is the tens digit of (-1350)/p + 2/v?
3
Suppose 9*o - 5*o - 52 = 0. Let d(v) = v**3 - 13*v**2 + 4*v - 3. What is the tens digit of d(o)?
4
What is the thousands digit of 43/(602/40656) + -12?
2
Let j = -1225 - -2522. What is the tens digit of j?
9
Let o(q) = -5*q + 1. Let j be o(1). Let b be (2/(-3))/((-2)/(6*2)). Let k = b - j. What is the units digit of k?
8
Suppose a = 4*y + 4*a - 310, 3*y - 2*a = 224. Let n = -32 + y. Let k = n - 24. What is the units digit of k?
0
Let m(f) = -70*f - 1024. What is the tens digit of m(-36)?
9
Let r(w) = 9*w + 4. Let v be r(-21). Let c = -127 - v. What is the units digit of c?
8
Suppose -3*p + 49 = 4*b, -3*b + b = 10. Suppose -p*q + 19*q + 416 = 0. What is the tens digit of q?
0
Suppose -4*g = 2*v - 174, -56 = -v + 5*g + 38. Suppose -3*y + 5*m - v = 0, 3*y - 2*y = m - 27. Let r = y + 54. What is the units digit of r?
1
Let k be (-5)/5*(1 - 2). Let r(f) = 63*f**2 - f - 1. What is the units digit of r(k)?
1
Suppose -4*c + 27 = 3*t - 4*t, 4*c = -3*t + 47. Let p be ((-9)/18)/(1/c). What is the tens digit of -1*84*3/p?
6
Let a(b) = -2*b + 7. Let n be a(5). Let c be 2*(-3 + 1)*n. What is the units digit of (58/(-8))/((-3)/c)?
9
Let x = 2 - 2. Let h be ((x/1)/2)/1. Suppose h = -0*a - a + 18. What is the units digit of a?
8
Let i = -39 + 39. Suppose -13*l + 169 = -12*l + 5*u, i = -2*l + 4*u + 324. What is the units digit of l?
4
Suppose -2*d = 5*t - 2150, 5*t - d - 2130 = d. Suppose -g = 3*h - 100, -6*g = -g - 3*h - t. What is the units digit of g?
8
Let r = -57 + 158. Let d = r + -86. What is the tens digit of d?
1
Let z be 4/((-4)/(-3)) + 1. Suppose 0 = z*q + 2 - 6. What is the tens digit of 1 - 9/q*-2?
1
Suppose 0 = -32*g - 75745 + 254977. What is the tens digit of g?
0
Let z(p) = p**2 - 3*p + 6. Let t be z(4). Suppose -435 = -7*a + t*a. Let h = a - -204. What is the tens digit of h?
5
Let g = -2256 + 2695. What is the tens digit of g?
3
Let l = -2 + 8. Let m(v) = -v**2 - 4*v + 8. Let g be m(-4). Let w = l + g. What is the tens digit of w?
1
Su